{"id":11,"date":"2015-08-30T19:47:49","date_gmt":"2015-08-30T19:47:49","guid":{"rendered":"http:\/\/vaajakoskentera.com\/www-2\/?page_id=11"},"modified":"2017-12-15T16:36:31","modified_gmt":"2017-12-15T13:36:31","slug":"kurkotulokset-ja-kartat","status":"publish","type":"page","link":"https:\/\/vaajakoskentera.com\/kurkocup17\/kurkotulokset-ja-kartat\/","title":{"rendered":"Kurkotulokset ja kartat"},"content":{"rendered":"<p>&nbsp;<br \/>\n(Jostakin syyst\u00e4 osa selaimista n\u00e4ytt\u00e4\u00e4 pdf-kartat virheellisesti. Jos ongelmia, niin avaa pdf-tiedosto suoraan pdf-wieverill\u00e4, esim. Adobe Acrobat)<\/p>\n<p style=\"font-family: courier;text-align: left\"> 1.AlkuKurko: <a href=\"http:\/\/www.vaajakoskentera.com\/kurkotuloksia\/2017\/20170928_valiajat.html\" rel=\"noopener\" target=\"_blank\">V\u00e4liajat<\/a>, <a href=\"http:\/\/www.vaajakoskentera.com\/kurkotuloksia\/2017\/20170928_tulokset.html\" rel=\"noopener\" target=\"_blank\">Tulokset<\/a>, Kartat: <a href=\"http:\/\/www.vaajakoskentera.com\/kurkotuloksia\/2017\/20170928_Kurko.pdf\" rel=\"noopener\" target=\"_blank\">K<\/a>, <a href=\"http:\/\/www.vaajakoskentera.com\/kurkotuloksia\/2017\/20170928_Gubbe.pdf\" rel=\"noopener\" target=\"_blank\">G<\/a>, <a href=\"http:\/\/www.vaajakoskentera.com\/kurkotuloksia\/2017\/20170928_SuperGubbe.pdf\" rel=\"noopener\" target=\"_blank\">S<\/a>, <a href=\"http:\/\/www.vaajakoskentera.com\/kurkotuloksia\/2017\/20170928_Helppo.pdf\" rel=\"noopener\" target=\"_blank\">H<\/a>, <a href=\"http:\/\/www.vaajakoskentera.com\/kurkotuloksia\/2017\/20170928_AlkuKurko.pdf\" rel=\"noopener\" target=\"_blank\">kaikki<\/a><br \/>\n 2.TilkunKurko: <a href=\"http:\/\/www.vaajakoskentera.com\/kurkotuloksia\/2017\/20171005_valiajat.html\" rel=\"noopener\" target=\"_blank\">V\u00e4liajat<\/a>, <a href=\"http:\/\/www.vaajakoskentera.com\/kurkotuloksia\/2017\/20171005_tulokset.html\" rel=\"noopener\" target=\"_blank\">Tulokset<\/a>, Kartat: <a href=\"http:\/\/www.vaajakoskentera.com\/kurkotuloksia\/2017\/20171005_Kurko.pdf\" rel=\"noopener\" target=\"_blank\">K<\/a>, <a href=\"http:\/\/www.vaajakoskentera.com\/kurkotuloksia\/2017\/20171005_Gubbe.pdf\" rel=\"noopener\" target=\"_blank\">G<\/a>, <a href=\"http:\/\/www.vaajakoskentera.com\/kurkotuloksia\/2017\/20171005_SuperGubbe.pdf\" rel=\"noopener\" target=\"_blank\">S<\/a>, <a href=\"http:\/\/www.vaajakoskentera.com\/kurkotuloksia\/2017\/20171005_Helppo.pdf\" rel=\"noopener\" target=\"_blank\">H<\/a>, <a href=\"http:\/\/www.vaajakoskentera.com\/kurkotuloksia\/2017\/20171005_Kaikki.pdf\" rel=\"noopener\" target=\"_blank\">kaikki<\/a><br \/>\n 3.HydeKurko: <a href=\"http:\/\/www.vaajakoskentera.com\/kurkotuloksia\/2017\/20171012_valiajat.html\" rel=\"noopener\" target=\"_blank\">V\u00e4liajat<\/a>, <a href=\"http:\/\/www.vaajakoskentera.com\/kurkotuloksia\/2017\/20171012_tulokset.html\" rel=\"noopener\" target=\"_blank\">Tulokset<\/a>, Kartat: <a href=\"http:\/\/www.vaajakoskentera.com\/kurkotuloksia\/2017\/20171012_Kurko.pdf\" rel=\"noopener\" target=\"_blank\">K<\/a>, <a href=\"http:\/\/www.vaajakoskentera.com\/kurkotuloksia\/2017\/20171012_Gubbe.pdf\" rel=\"noopener\" target=\"_blank\">G<\/a>, <a href=\"http:\/\/www.vaajakoskentera.com\/kurkotuloksia\/2017\/20171012_SuperGubbe.pdf\" rel=\"noopener\" target=\"_blank\">S<\/a>, <a href=\"http:\/\/www.vaajakoskentera.com\/kurkotuloksia\/2017\/20171012_Helppo.pdf\" rel=\"noopener\" target=\"_blank\">H<\/a>, <a href=\"http:\/\/www.vaajakoskentera.com\/kurkotuloksia\/2017\/20171012_Kaikki.pdf\" rel=\"noopener\" target=\"_blank\">kaikki<\/a><br \/>\n 4.97-Kurko: <a href=\"http:\/\/www.vaajakoskentera.com\/kurkotuloksia\/2017\/20171019_valiajat.html\" rel=\"noopener\" target=\"_blank\">V\u00e4liajat<\/a>, <a href=\"http:\/\/www.vaajakoskentera.com\/kurkotuloksia\/2017\/20171019_tulokset.html\" rel=\"noopener\" target=\"_blank\">Tulokset<\/a>, Kartat: <a href=\"http:\/\/www.vaajakoskentera.com\/kurkotuloksia\/2017\/20171019_Kurko.pdf\" rel=\"noopener\" target=\"_blank\">K<\/a>, <a href=\"http:\/\/www.vaajakoskentera.com\/kurkotuloksia\/2017\/20171019_Gubbe.pdf\" rel=\"noopener\" target=\"_blank\">G<\/a>, <a href=\"http:\/\/www.vaajakoskentera.com\/kurkotuloksia\/2017\/20171019_SuperGubbe.pdf\" rel=\"noopener\" target=\"_blank\">S<\/a>, <a href=\"http:\/\/www.vaajakoskentera.com\/kurkotuloksia\/2017\/20171019_Helppo.pdf\" rel=\"noopener\" target=\"_blank\">H<\/a>, <a href=\"http:\/\/www.vaajakoskentera.com\/kurkotuloksia\/2017\/20171019_Kaikki.pdf\" rel=\"noopener\" target=\"_blank\">kaikki<\/a><br \/>\n 5.RelaKurko: <a href=\"http:\/\/www.vaajakoskentera.com\/kurkotuloksia\/2017\/20171026_valiajat.html\" rel=\"noopener\" target=\"_blank\">V\u00e4liajat<\/a>, <a href=\"http:\/\/www.vaajakoskentera.com\/kurkotuloksia\/2017\/20171026_tulokset.html\" rel=\"noopener\" target=\"_blank\">Tulokset<\/a>, Kartat: <a href=\"http:\/\/www.vaajakoskentera.com\/kurkotuloksia\/2017\/20171026_Kurko.pdf\" rel=\"noopener\" target=\"_blank\">K<\/a>, <a href=\"http:\/\/www.vaajakoskentera.com\/kurkotuloksia\/2017\/20171026_Gubbe.pdf\" rel=\"noopener\" target=\"_blank\">G<\/a>, <a href=\"http:\/\/www.vaajakoskentera.com\/kurkotuloksia\/2017\/20171026_SuperGubbe.pdf\" rel=\"noopener\" target=\"_blank\">S<\/a>, <a href=\"http:\/\/www.vaajakoskentera.com\/kurkotuloksia\/2017\/20171026_Helppo.pdf\" rel=\"noopener\" target=\"_blank\">H<\/a>, <a href=\"http:\/\/www.vaajakoskentera.com\/kurkotuloksia\/2017\/20171026_Kaikki.pdf\" rel=\"noopener\" target=\"_blank\">kaikki<\/a><br \/>\n 6.RiihiKurko: <a href=\"http:\/\/www.vaajakoskentera.com\/kurkotuloksia\/2017\/20171102_valiajat.html\" rel=\"noopener\" target=\"_blank\">V\u00e4liajat<\/a>, <a href=\"http:\/\/www.vaajakoskentera.com\/kurkotuloksia\/2017\/20171102_tulokset.html\" rel=\"noopener\" target=\"_blank\">Tulokset<\/a>, Kartat: <a href=\"http:\/\/www.vaajakoskentera.com\/kurkotuloksia\/2017\/20171102_Kurko.pdf\" rel=\"noopener\" target=\"_blank\">K<\/a>, <a href=\"http:\/\/www.vaajakoskentera.com\/kurkotuloksia\/2017\/20171102_Gubbe.pdf\" rel=\"noopener\" target=\"_blank\">G<\/a>, <a href=\"http:\/\/www.vaajakoskentera.com\/kurkotuloksia\/2017\/20171102_SuperGubbe.pdf\" rel=\"noopener\" target=\"_blank\">S<\/a>, <a href=\"http:\/\/www.vaajakoskentera.com\/kurkotuloksia\/2017\/20171102_Helppo.pdf\" rel=\"noopener\" target=\"_blank\">H<\/a>, <a href=\"http:\/\/www.vaajakoskentera.com\/kurkotuloksia\/2017\/20171102_Kaikki.pdf\" rel=\"noopener\" target=\"_blank\">kaikki<\/a><br \/>\n 7.P\u00f6Pelikk\u00f6Kurko: <a href=\"http:\/\/www.vaajakoskentera.com\/kurkotuloksia\/2017\/20171109_valiajat.html\" rel=\"noopener\" target=\"_blank\">V\u00e4liajat<\/a>, <a href=\"http:\/\/www.vaajakoskentera.com\/kurkotuloksia\/2017\/20171109_tulokset.html\" rel=\"noopener\" target=\"_blank\">Tulokset<\/a>, Kartat: <a href=\"http:\/\/www.vaajakoskentera.com\/kurkotuloksia\/2017\/20171109_Kurko.pdf\" rel=\"noopener\" target=\"_blank\">K<\/a>, <a href=\"http:\/\/www.vaajakoskentera.com\/kurkotuloksia\/2017\/20171109_Gubbe.pdf\" rel=\"noopener\" target=\"_blank\">G<\/a>, <a href=\"http:\/\/www.vaajakoskentera.com\/kurkotuloksia\/2017\/20171109_SuperGubbe.pdf\" rel=\"noopener\" target=\"_blank\">S<\/a>, <a href=\"http:\/\/www.vaajakoskentera.com\/kurkotuloksia\/2017\/20171109_Helppo.pdf\" rel=\"noopener\" target=\"_blank\">H<\/a>, <a href=\"http:\/\/www.vaajakoskentera.com\/kurkotuloksia\/2017\/20171109_Kaikki.pdf\" rel=\"noopener\" target=\"_blank\">kaikki<\/a><br \/>\n 8.CanCanKurko: <a href=\"http:\/\/www.vaajakoskentera.com\/kurkotuloksia\/2017\/20171116_valiajat.html\" rel=\"noopener\" target=\"_blank\">V\u00e4liajat<\/a>, <a href=\"http:\/\/www.vaajakoskentera.com\/kurkotuloksia\/2017\/20171116_tulokset.html\" rel=\"noopener\" target=\"_blank\">Tulokset<\/a>, Kartat: <a href=\"http:\/\/www.vaajakoskentera.com\/kurkotuloksia\/2017\/20171116_Kurko.pdf\" rel=\"noopener\" target=\"_blank\">K<\/a>, <a href=\"http:\/\/www.vaajakoskentera.com\/kurkotuloksia\/2017\/20171116_Gubbe.pdf\" rel=\"noopener\" target=\"_blank\">G<\/a>, <a href=\"http:\/\/www.vaajakoskentera.com\/kurkotuloksia\/2017\/20171116_SuperGubbe.pdf\" rel=\"noopener\" target=\"_blank\">S<\/a>, <a href=\"http:\/\/www.vaajakoskentera.com\/kurkotuloksia\/2017\/20171116_Helppo.pdf\" rel=\"noopener\" target=\"_blank\">H<\/a>, <a href=\"http:\/\/www.vaajakoskentera.com\/kurkotuloksia\/2017\/20171116_Kaikki.pdf\" rel=\"noopener\" target=\"_blank\">kaikki<\/a><br \/>\n 9.IlvesluolaKurko: <a href=\"http:\/\/www.vaajakoskentera.com\/kurkotuloksia\/2017\/20171123_valiajat_rev1.html\" rel=\"noopener\" target=\"_blank\">V\u00e4liajat<\/a>, <a href=\"http:\/\/www.vaajakoskentera.com\/kurkotuloksia\/2017\/20171123_tulokset_rev1.html\" rel=\"noopener\" target=\"_blank\">Tulokset<\/a>, Kartat: <a href=\"http:\/\/www.vaajakoskentera.com\/kurkotuloksia\/2017\/20171123_Kurko.pdf\" rel=\"noopener\" target=\"_blank\">K<\/a>, <a href=\"http:\/\/www.vaajakoskentera.com\/kurkotuloksia\/2017\/20171123_GubbeA.pdf\" rel=\"noopener\" target=\"_blank\">G<\/a>, <a href=\"http:\/\/www.vaajakoskentera.com\/kurkotuloksia\/2017\/20171123_SuperGubbe.pdf\" rel=\"noopener\" target=\"_blank\">S<\/a>, <a href=\"http:\/\/www.vaajakoskentera.com\/kurkotuloksia\/2017\/20171123_Helppo.pdf\" rel=\"noopener\" target=\"_blank\">H<\/a>, <a href=\"http:\/\/www.vaajakoskentera.com\/kurkotuloksia\/2017\/20171123_Kaikki.pdf\" rel=\"noopener\" target=\"_blank\">kaikki<\/a><br \/>\n10.HarisKurko: <a href=\"http:\/\/www.vaajakoskentera.com\/kurkotuloksia\/2017\/20171130_valiajat.html\" rel=\"noopener\" target=\"_blank\">V\u00e4liajat<\/a>, <a href=\"http:\/\/www.vaajakoskentera.com\/kurkotuloksia\/2017\/20171130_tulokset_rev1.html\" rel=\"noopener\" target=\"_blank\">Tulokset<\/a>, Kartat: <a href=\"http:\/\/www.vaajakoskentera.com\/kurkotuloksia\/2017\/20171130_Kurko.pdf\" rel=\"noopener\" target=\"_blank\">K<\/a>, <a href=\"http:\/\/www.vaajakoskentera.com\/kurkotuloksia\/2017\/20171130_Gubbe.pdf\" rel=\"noopener\" target=\"_blank\">G<\/a>, <a href=\"http:\/\/www.vaajakoskentera.com\/kurkotuloksia\/2017\/20171130_SuperGubbe.pdf\" rel=\"noopener\" target=\"_blank\">S<\/a>, <a href=\"http:\/\/www.vaajakoskentera.com\/kurkotuloksia\/2017\/20171130_Helppo.pdf\" rel=\"noopener\" target=\"_blank\">H<\/a>, <a href=\"http:\/\/www.vaajakoskentera.com\/kurkotuloksia\/2017\/20171130_Kaikki.pdf\" rel=\"noopener\" target=\"_blank\">kaikki<\/a><br \/>\n11.Er\u00e4Kurko: <a href=\"http:\/\/www.vaajakoskentera.com\/kurkotuloksia\/2017\/20171207_valiajat.html\" rel=\"noopener\" target=\"_blank\">V\u00e4liajat<\/a>, <a href=\"http:\/\/www.vaajakoskentera.com\/kurkotuloksia\/2017\/20171207_tulokset.html\" rel=\"noopener\" target=\"_blank\">Tulokset<\/a>, Kartat: <a href=\"http:\/\/www.vaajakoskentera.com\/kurkotuloksia\/2017\/20171207_Kurko.jpg\" rel=\"noopener\" target=\"_blank\">K<\/a>, <a href=\"http:\/\/www.vaajakoskentera.com\/kurkotuloksia\/2017\/20171207_Gubbe.jpg\" rel=\"noopener\" target=\"_blank\">G<\/a>, <a href=\"http:\/\/www.vaajakoskentera.com\/kurkotuloksia\/2017\/20171207_SuperGubbe.jpg\" rel=\"noopener\" target=\"_blank\">S<\/a>, <a href=\"http:\/\/www.vaajakoskentera.com\/kurkotuloksia\/2017\/20171207_Helppo.jpg\" rel=\"noopener\" target=\"_blank\">H<\/a><br \/>\n12.TuuliKurko: <a href=\"http:\/\/www.vaajakoskentera.com\/kurkotuloksia\/2017\/20171214_valiajat.html\" rel=\"noopener\" target=\"_blank\">V\u00e4liajat<\/a>, <a href=\"http:\/\/www.vaajakoskentera.com\/kurkotuloksia\/2017\/20171214_tulokset.html\" rel=\"noopener\" target=\"_blank\">Tulokset<\/a>, Kartat: <a href=\"http:\/\/www.vaajakoskentera.com\/kurkotuloksia\/2017\/20171214_Kurko.pdf\" rel=\"noopener\" target=\"_blank\">K<\/a>, <a href=\"http:\/\/www.vaajakoskentera.com\/kurkotuloksia\/2017\/20171214_Gubbe.pdf\" rel=\"noopener\" target=\"_blank\">G<\/a>, <a href=\"http:\/\/www.vaajakoskentera.com\/kurkotuloksia\/2017\/20171214_SuperGubbe.pdf\" rel=\"noopener\" target=\"_blank\">S<\/a>, <a href=\"http:\/\/www.vaajakoskentera.com\/kurkotuloksia\/2017\/20171214_Helppo.pdf\" rel=\"noopener\" target=\"_blank\">H<\/a><\/p>\n","protected":false},"excerpt":{"rendered":"<p>&nbsp; (Jostakin syyst\u00e4 osa selaimista n\u00e4ytt\u00e4\u00e4 pdf-kartat virheellisesti. Jos ongelmia, niin avaa pdf-tiedosto suoraan pdf-wieverill\u00e4, esim. Adobe Acrobat) 1.AlkuKurko: V\u00e4liajat, Tulokset, Kartat: K, G, S, H, kaikki 2.TilkunKurko: V\u00e4liajat, Tulokset, Kartat: K, G, S, H, kaikki 3.HydeKurko: V\u00e4liajat, Tulokset, Kartat: K, G, S, H, kaikki 4.97-Kurko: V\u00e4liajat, Tulokset, Kartat: K, G, S, H, kaikki 5.RelaKurko: [&hellip;]<\/p>\n","protected":false},"author":2,"featured_media":0,"parent":0,"menu_order":0,"comment_status":"closed","ping_status":"closed","template":"","meta":{"footnotes":""},"class_list":["post-11","page","type-page","status-publish","hentry"],"_links":{"self":[{"href":"https:\/\/vaajakoskentera.com\/kurkocup17\/wp-json\/wp\/v2\/pages\/11","targetHints":{"allow":["GET"]}}],"collection":[{"href":"https:\/\/vaajakoskentera.com\/kurkocup17\/wp-json\/wp\/v2\/pages"}],"about":[{"href":"https:\/\/vaajakoskentera.com\/kurkocup17\/wp-json\/wp\/v2\/types\/page"}],"author":[{"embeddable":true,"href":"https:\/\/vaajakoskentera.com\/kurkocup17\/wp-json\/wp\/v2\/users\/2"}],"replies":[{"embeddable":true,"href":"https:\/\/vaajakoskentera.com\/kurkocup17\/wp-json\/wp\/v2\/comments?post=11"}],"version-history":[{"count":77,"href":"https:\/\/vaajakoskentera.com\/kurkocup17\/wp-json\/wp\/v2\/pages\/11\/revisions"}],"predecessor-version":[{"id":1307,"href":"https:\/\/vaajakoskentera.com\/kurkocup17\/wp-json\/wp\/v2\/pages\/11\/revisions\/1307"}],"wp:attachment":[{"href":"https:\/\/vaajakoskentera.com\/kurkocup17\/wp-json\/wp\/v2\/media?parent=11"}],"curies":[{"name":"wp","href":"https:\/\/api.w.org\/{rel}","templated":true}]}}