{"id":7,"date":"2015-08-30T22:46:11","date_gmt":"2015-08-30T19:46:11","guid":{"rendered":"http:\/\/vaajakoskentera.com\/www-2\/?page_id=7"},"modified":"2017-12-11T08:21:06","modified_gmt":"2017-12-11T05:21:06","slug":"kurko-ohjelma-2017","status":"publish","type":"page","link":"https:\/\/vaajakoskentera.com\/kurkocup17\/kurko-ohjelma-2017\/","title":{"rendered":"Kurko-ohjelma 2017"},"content":{"rendered":"<p>&nbsp;<\/p>\n<p style=\"font-family: courier; text-align: left;\">1.\u00a0 VK39 To 28.09.\u00a0 20:00, AlkuKurko, <a href=\"https:\/\/asiointi.maanmittauslaitos.fi\/karttapaikka\/?share=customMarker&amp;n=6907794.893086675&amp;e=435449.7735799921&amp;title=Kurko-keskus%2028.9.&amp;desc=&amp;zoom=10&amp;layers=%5B%7B%22id%22%3A2%2C%22opacity%22%3A100%7D%5D\" target=\"_blank\" rel=\"noopener\">Touruvuori<\/a>, S-JKL<br \/>\n2.\u00a0 VK40 To 05.10.\u00a0 19:30, TilkunKurko, <a href=\"https:\/\/kartta.jkl.fi\/IMS\/?layers=Opaskartta&amp;cp=6898139,484796&amp;z=1&amp;title=TilkunKurko%20Opastus\" target=\"_blank\" rel=\"noopener\">Keljon takamet\u00e4t<\/a>, S-JKL<br \/>\n3.\u00a0 VK41 To 12.10.\u00a0 19:00, HydeKurko, <a href=\"https:\/\/asiointi.maanmittauslaitos.fi\/karttapaikka\/?share=customMarker&amp;n=6911333.144615841&amp;e=409115.2561758722&amp;title=HydeKurko%2012.10.2017&amp;desc=&amp;zoom=10&amp;layers=%5B%7B%22id%22%3A2%2C%22opacity%22%3A100%7D%5D\" target=\"_blank\" rel=\"noopener\">Halisenper\u00e4<\/a>, S-JKL<br \/>\n4.\u00a0 VK42 To 19.10.\u00a0 19:00, 97-Kurko, <a href=\"https:\/\/asiointi.maanmittauslaitos.fi\/karttapaikka\/?share=customMarker&amp;n=6853334.76406929&amp;e=431812.12402590643&amp;title=97-kurkokeskus&amp;desc=&amp;zoom=9&amp;layers=%5B%7B%22id%22%3A2%2C%22opacity%22%3A100%7D%5D\" target=\"_blank\" rel=\"noopener\">Vuorenm\u00e4ki<\/a> Luhanka, IPR<br \/>\n5.\u00a0 VK43 To 26.10.\u00a0 19:00, RelaKurko, <a href=\"https:\/\/asiointi.maanmittauslaitos.fi\/karttapaikka\/?share=customMarker&amp;n=6898685.629915793&amp;e=421537.8995294868&amp;title=Opastus%20RelaKurkoon&amp;desc=&amp;zoom=13&amp;layers=%5B%7B%22id%22%3A2%2C%22opacity%22%3A100%7D%5D\" target=\"_blank\" rel=\"noopener\">Kuusim\u00e4ki<\/a>, S-JKL<br \/>\n6.\u00a0 VK44 To 02.11.\u00a0 18:00, RiihiKurko, <a href=\"https:\/\/asiointi.maanmittauslaitos.fi\/karttapaikka\/?share=customMarker&amp;n=6886947.454284412&amp;e=431530.46137698175&amp;title=RiihiKurko%202.11.2017&amp;desc=&amp;zoom=11&amp;layers=%5B%7B%22id%22%3A2%2C%22opacity%22%3A100%7D%5D\" target=\"_blank\" rel=\"noopener\">Riihivuori<\/a>, Ter\u00e4<br \/>\n7.\u00a0 VK45 To 09.11.\u00a0 18:15, P\u00f6Pelikk\u00f6Kurko, <a href=\"https:\/\/asiointi.maanmittauslaitos.fi\/karttapaikka\/?share=customMarker&amp;n=6902601.176193195&amp;e=440730.3262750032&amp;title=P%C3%B6Pe-kurko%2009.11.2017&amp;desc=&amp;zoom=10&amp;layers=%5B%7B%22id%22%3A2%2C%22opacity%22%3A100%7D%5D\" target=\"_blank\" rel=\"noopener\">Vaajakoski<\/a>, P\u00f6Pe<br \/>\n8.\u00a0 VK46 To 16.11.\u00a0 18:00, CanCanKurko, <a href=\"https:\/\/asiointi.maanmittauslaitos.fi\/karttapaikka\/?share=customMarker&amp;n=6869596&amp;e=409813&amp;title=Can-can%20-kurko%2016.11.2017&amp;desc=T%C3%A4st%C3%A4%20ilont%C3%A4yteisen%20Kurko-illan%20tuoksinaan&amp;zoom=9&amp;layers=%5B%7B%22id%22%3A2%2C%22opacity%22%3A100%7D%5D\" target=\"_blank\" rel=\"noopener\">Juokslahden Kankaanm\u00e4ki<\/a>, JRV<br \/>\n9.\u00a0 VK47 To 23.11.\u00a0 18:20, IlvesluolaKurko, <a href=\"https:\/\/asiointi.maanmittauslaitos.fi\/karttapaikka\/?share=customMarker&amp;n=6935265.034484888&amp;e=443659.27546052914&amp;title=IlvesluokaKurko%2023.11.2017&amp;desc=&amp;zoom=9&amp;layers=%5B%7B%22id%22%3A2%2C%22opacity%22%3A100%7D%5D\" target=\"_blank\" rel=\"noopener\">Kirppuvuori<\/a>, XE4<br \/>\n10. VK48 To 30.11.\u00a0 18:00, HarisKurko, <a href=\"https:\/\/asiointi.maanmittauslaitos.fi\/karttapaikka\/?share=customMarker&amp;n=6928230.744303051&amp;e=437711.25569694786&amp;title=HarisKurko%2030.11.2017&amp;desc=&amp;zoom=10&amp;layers=%5B%7B%22id%22%3A2%2C%22opacity%22%3A100%7D%5D\" target=\"_blank\" rel=\"noopener\">Harisenm\u00e4ki<\/a>, ViPa<br \/>\n11. VK49 To 07.12.\u00a0 18:00, Er\u00e4-Jorman kolmiodraama, <a href=\"https:\/\/kartta.jkl.fi\/IMS\/?layers=Opaskartta&amp;cp=6892328,493572&amp;z=4&amp;title=Er%C3%A4Kurko%207.12.2017\" target=\"_blank\" rel=\"noopener\">(T)er\u00e4maa<\/a>, Ter\u00e4<br \/>\n12. VK50 To 14.12.\u00a0 18:00, TuuliKurko, <a href=\"https:\/\/asiointi.maanmittauslaitos.fi\/karttapaikka\/?share=customMarker&amp;n=6899524.235176616&amp;e=427080.3050172761&amp;title=Tuulikurko&amp;desc=&amp;zoom=11&amp;layers=%5B%7B%22id%22%3A2%2C%22opacity%22%3A100%7D%5D\" target=\"_blank\" rel=\"noopener\">Kotanen<\/a>, MSParma&amp;Ter\u00e4&amp;S-JKL<\/p>\n<p>Oikeudet muutoksiin pidet\u00e4\u00e4n loppuun asti ja viel\u00e4 j\u00e4lkik\u00e4teenkin!<\/p>\n","protected":false},"excerpt":{"rendered":"<p>&nbsp; 1.\u00a0 VK39 To 28.09.\u00a0 20:00, AlkuKurko, Touruvuori, S-JKL 2.\u00a0 VK40 To 05.10.\u00a0 19:30, TilkunKurko, Keljon takamet\u00e4t, S-JKL 3.\u00a0 VK41 To 12.10.\u00a0 19:00, HydeKurko, Halisenper\u00e4, S-JKL 4.\u00a0 VK42 To 19.10.\u00a0 19:00, 97-Kurko, Vuorenm\u00e4ki Luhanka, IPR 5.\u00a0 VK43 To 26.10.\u00a0 19:00, RelaKurko, Kuusim\u00e4ki, S-JKL 6.\u00a0 VK44 To 02.11.\u00a0 18:00, RiihiKurko, Riihivuori, Ter\u00e4 7.\u00a0 VK45 To 09.11.\u00a0 [&hellip;]<\/p>\n","protected":false},"author":2,"featured_media":0,"parent":0,"menu_order":0,"comment_status":"closed","ping_status":"closed","template":"","meta":{"footnotes":""},"class_list":["post-7","page","type-page","status-publish","hentry"],"_links":{"self":[{"href":"https:\/\/vaajakoskentera.com\/kurkocup17\/wp-json\/wp\/v2\/pages\/7","targetHints":{"allow":["GET"]}}],"collection":[{"href":"https:\/\/vaajakoskentera.com\/kurkocup17\/wp-json\/wp\/v2\/pages"}],"about":[{"href":"https:\/\/vaajakoskentera.com\/kurkocup17\/wp-json\/wp\/v2\/types\/page"}],"author":[{"embeddable":true,"href":"https:\/\/vaajakoskentera.com\/kurkocup17\/wp-json\/wp\/v2\/users\/2"}],"replies":[{"embeddable":true,"href":"https:\/\/vaajakoskentera.com\/kurkocup17\/wp-json\/wp\/v2\/comments?post=7"}],"version-history":[{"count":74,"href":"https:\/\/vaajakoskentera.com\/kurkocup17\/wp-json\/wp\/v2\/pages\/7\/revisions"}],"predecessor-version":[{"id":1287,"href":"https:\/\/vaajakoskentera.com\/kurkocup17\/wp-json\/wp\/v2\/pages\/7\/revisions\/1287"}],"wp:attachment":[{"href":"https:\/\/vaajakoskentera.com\/kurkocup17\/wp-json\/wp\/v2\/media?parent=7"}],"curies":[{"name":"wp","href":"https:\/\/api.w.org\/{rel}","templated":true}]}}